le of 36?
True
Does 16 divide 229744?
True
Does 604 divide 868552?
True
Is 22 a factor of 406802?
True
Is 149 a factor of 6366621?
True
Does 30 divide 362178?
False
Is 729750 a multiple of 834?
True
Does 48 divide 12288?
True
Is 40262 a multiple of 56?
False
Does 27 divide 34779?
False
Does 101 divide 1376327?
True
Is 1785428 a multiple of 87?
False
Does 17 divide 133192?
False
Is 2348112 a multiple of 852?
True
Is 22758 a multiple of 55?
False
Is 72 a factor of 27561106?
False
Does 651 divide 469371?
True
Is 2 a factor of 508493?
False
Does 1240 divide 15737225?
False
Is 13 a factor of 999349?
True
Does 91 divide 9139312?
True
Is 23 a factor of 372686?
False
Does 35 divide 6195?
True
Is 269280 a multiple of 153?
True
Does 396 divide 2760946?
False
Does 47 divide 6060?
False
Is 587 a factor of 1834871?
False
Is 13 a factor of 211033?
False
Does 7 divide 71498?
True
Is 328 a factor of 751452?
False
Is 35 a factor of 947?
False
Is 1157696 a multiple of 63?
False
Is 330546 a multiple of 171?
False
Is 3970 even?
True
Does 68 divide 345576?
True
Is 330832 a multiple of 31?
True
Does 193 divide 20844?
True
Is 1970301 a multiple of 15?
False
Does 19 divide 35834?
True
Is 680534 a multiple of 13?
False
Does 472 divide 484744?
True
Is 1367860 a multiple of 52?
True
Is 62 a factor of 6700216?
True
Is 707 a factor of 8342600?
True
Is 2 a factor of 19215?
False
Is 791300 a multiple of 41?
True
Does 72 divide 822561?
False
Is 2168 a factor of 15414410?
False
Is 518 a factor of 2639210?
True
Is 1083641 a multiple of 190?
False
Is 344 a factor of 1665992?
True
Is 41979 a multiple of 119?
False
Is 994824 a multiple of 337?
True
Is 11620585 a multiple of 401?
False
Is 26 a factor of 232620?
False
Is 1374081 a multiple of 36?
False
Is 22 a factor of 725142?
True
Is 4 a factor of 869861?
False
Is 29 a factor of 44283?
True
Is 429792 a multiple of 3?
True
Is 27 a factor of 78215?
False
Is 148820 a multiple of 5?
True
Does 2 divide 18080?
True
Is 6 a factor of 783659?
False
Is 8 a factor of 110552?
True
Does 80 divide 2976554?
False
Does 92 divide 165153?
False
Is 291238 a multiple of 241?
False
Is 25 a factor of 5313875?
True
Is 998520 a multiple of 120?
True
Does 216 divide 12444539?
False
Does 216 divide 9083232?
True
Is 69 a factor of 1903487?
False
Is 3234166 a multiple of 53?
True
Is 12414 a multiple of 27?
False
Does 50 divide 10501990?
False
Does 60 divide 3299160?
True
Does 547 divide 10548348?
True
Is 29 a factor of 693825?
True
Does 5 divide 165310?
True
Is 45 a factor of 490452?
False
Is 214528 a multiple of 64?
True
Does 627 divide 161666?
False
Is 604428 a multiple of 132?
True
Is 362028 a multiple of 12?
True
Does 16 divide 11261764?
False
Is 132539 a multiple of 60?
False
Is 330 a multiple of 35?
False
Does 78 divide 298851?
False
Is 316196 a multiple of 13?
False
Is 406 a factor of 1659728?
True
Is 8 a factor of 41211?
False
Is 4175317 a multiple of 687?
False
Is 363 a factor of 18038?
False
Is 24 a factor of 4760088?
True
Does 43 divide 3839320?
False
Is 7 a factor of 77357?
True
Is 32 a factor of 5078848?
True
Is 15 a factor of 4651935?
True
Is 275 a factor of 908136?
False
Is 60032 a multiple of 128?
True
Is 11 a factor of 3360401?
True
Is 1017414 a multiple of 54?
True
Is 108193 a multiple of 9?
False
Is 307616 a multiple of 32?
True
Does 6 divide 59815?
False
Is 58 a factor of 12605123?
False
Is 450476 a multiple of 13?
True
Is 180 a factor of 246420?
True
Is 2204505 a multiple of 49?
False
Is 3650184 a multiple of 12?
True
Is 533594 a multiple of 14?
False
Is 84006 a multiple of 6?
True
Is 29 a factor of 395444?
True
Is 21 a factor of 537857?
False
Does 11 divide 87891?
False
Is 433787 a multiple of 37?
False
Does 3 divide 1539871?
False
Is 121488 a multiple of 19?
False
Is 211506 a multiple of 47?
False
Is 13247205 a multiple of 89?
True
Is 24 a factor of 7187206?
False
Is 7 a factor of 615209?
True
Is 9 a factor of 5127705?
True
Is 830 a factor of 4195950?
False
Is 1403709 a multiple of 42?
False
Is 19 a factor of 319617?
False
Is 273328 a multiple of 8?
True
Is 83 a factor of 993261?
True
Is 330 a factor of 3201171?
False
Is 217 a factor of 4490164?
True
Is 1277958 a multiple of 201?
True
Is 399 a factor of 12159042?
False
Is 3 a factor of 893386?
False
Is 74 a factor of 16798?
True
Does 1040 divide 4302031?
False
Does 483 divide 576219?
True
Is 234 a factor of 324137?
False
Is 5 a factor of 138295?
True
Is 136 a factor of 208800?
False
Does 1550 divide 7423709?
False
Does 260 divide 483891?
False
Is 2955433 a multiple of 466?
False
Is 369 a factor of 6819?
False
Is 511 a factor of 167608?
True
Does 106 divide 125504?
True
Does 152 divide 18707?
False
Is 96664 a multiple of 172?
True
Is 41 a factor of 1224512?
False
Is 3251612 a multiple of 52?
True
Does 218 divide 338026?
False
Is 14 a factor of 87584?
True
Is 2046261 a multiple of 13?
False
Is 519903 a multiple of 61?
True
Is 529656 a multiple of 12?
True
Is 103 a factor of 3758882?
True
Does 23 divide 228252?
True
Is 169868 a multiple of 253?
False
Is 529361 a multiple of 53?
False
Is 1397460 a multiple of 303?
False
Is 2598450 a multiple of 709?
False
Does 72 divide 1944073?
False
Is 13 a factor of 41080?
True
Is 914760 a multiple of 44?
True
Is 77 a factor of 9731645?
True
Is 475 a factor of 51603?
False
Is 1061 a factor of 1237126?
True
Is 97 a factor of 6298491?
False
Is 41 a factor of 46361?
False
Is 5600360 a multiple of 10?
True
Is 508 a factor of 1772412?
True
Does 310 divide 300700?
True
Does 39 divide 1574547?
True
Is 632488 a multiple of 16?
False
Is 12326567 a multiple of 11?
True
Is 93 a factor of 527357?
False
Is 242478 a multiple of 4?
False
Is 29 a factor of 88483?
False
Is 8575945 a multiple of 495?
False
Is 52 a factor of 39071?
False
Is 46 a factor of 37517?
False
Is 144 a factor of 1618704?
True
Does 83 divide 3308795?
True
Is 25 a factor of 28535?
False
Is 8747658 a multiple of 9?
True
Does 12 divide 3986?
False
Does 1885 divide 5856695?
True
Does 59 divide 3826268?
True
Does 30 divide 14245?
False
Does 112 divide 166432?
True
Does 543 divide 15905013?
True
Is 329 a factor of 2474409?
True
Does 6 divide 112854?
True
Is 7593067 a multiple of 526?
False
Does 13 divide 119782?
True
Does 31 divide 130448?
True
Does 5 divide 2069031?
False
Is 161228 a multiple of 4?
True
Is 130235 a multiple of 495?
False
Is 10 a factor of 2529630?
True
Is 954294 a multiple of 209?
True
Is 1477912 a multiple of 34?
True
Is 149305 a multiple of 29?
False
Does 259 divide 27716868?
False
Is 44 a factor of 223960?
True
Does 5 divide 34143?
False
Is 103 a factor of 153170?
False
Is 90608 a multiple of 28?
True
Is 10 a factor of 45990?
True
Is 6304 a multiple of 31?
False
Is 83 a factor of 876299?
False
Is 16810765 a multiple of 893?
False
Is 47865 a multiple of 49?
False
Is 68 a factor of 323748?
True
Does 26 divide 258300?
False
Is 34565 a multiple of 5?
True
Is 37 a factor of 3985?
False
Does 59 divide 649?
True
Does 16 divide 361429?
False
Is 52 a factor of 1181544?
True
Does 457 divide 643480?
False
Is 19195 a multiple of 55?
True
Does 95 divide 1317555?
True
Does 188 divide 1782616?
True
Is 128 a factor of 127723?
False
Does 14 divide 4609570?
True
Is 3795720 a multiple of 282?
True
Is 200 a factor of 272127?
False
Is 2082240 a multiple of 16?
True
Does 71 divide 154944?
False
Is 105679 a multiple of 2?
False
Is 62496 a multiple of 28?
True
Is 11 a factor of 105853?
True
Is 3154056 a multiple of 678?
True
Is 144 a factor of 6495552?
True
Does 537 divide 4688010?
True
Is 96 a factor of 2976096?
True
Does 12 divide 826764?
True
Is 483 a factor of 173880?
True
Is 26392 a multiple of 9?
False
Is 144197 a multiple of 41?
True
Does 14 divide 524498?
False
Does 297 divide 18580320?
True
Does 18 divide 131819?
False
Is 575909 a multiple of 7?
False
Does 21 divide 583065?
True
Is 107500 a multiple of 25?
True
Is 428 a factor of 1147964?
False
Is 5405535 a multiple of 28?
False
Does 116 divide 84100?
True
Is 107 a factor of 1096007?
False
Is 6 a factor of 120435?
False
Is 89158 a multiple of 5?
False
Does 223 divide 121405?
False
Is 257536 a multiple of 128?
True
Is 111870 a multiple of 90?
True
Does 15 divide 154170?
True
Does 6 divide 1071426?
True
Is 233892 a multiple of 3?
True
Is 189712